nder when 255 is divided by 25?
5
Calculate the remainder when 57 is divided by 21.
15
Calculate the remainder when 1274 is divided by 33.
20
Calculate the remainder when 404 is divided by 186.
32
Calculate the remainder when 1265 is divided by 10.
5
What is the remainder when 1475 is divided by 32?
3
What is the remainder when 276 is divided by 118?
40
Calculate the remainder when 367 is divided by 99.
70
Calculate the remainder when 2144 is divided by 29.
27
What is the remainder when 136 is divided by 69?
67
Calculate the remainder when 2894 is divided by 31.
11
Calculate the remainder when 186 is divided by 16.
10
Calculate the remainder when 83005 is divided by 64.
61
What is the remainder when 171 is divided by 15?
6
What is the remainder when 5070 is divided by 47?
41
Calculate the remainder when 100 is divided by 36.
28
What is the remainder when 199 is divided by 30?
19
Calculate the remainder when 1768 is divided by 2.
0
Calculate the remainder when 507 is divided by 128.
123
Calculate the remainder when 3833 is divided by 120.
113
What is the remainder when 519 is divided by 171?
6
What is the remainder when 5646 is divided by 36?
30
Calculate the remainder when 125 is divided by 12.
5
What is the remainder when 21837 is divided by 312?
309
What is the remainder when 331 is divided by 40?
11
What is the remainder when 2374 is divided by 39?
34
What is the remainder when 240 is divided by 10?
0
Calculate the remainder when 49 is divided by 19.
11
What is the remainder when 878 is divided by 438?
2
Calculate the remainder when 1149 is divided by 12.
9
Calculate the remainder when 265 is divided by 34.
27
Calculate the remainder when 687 is divided by 178.
153
What is the remainder when 77 is divided by 21?
14
Calculate the remainder when 586 is divided by 120.
106
What is the remainder when 1447 is divided by 29?
26
Calculate the remainder when 94 is divided by 59.
35
What is the remainder when 5505 is divided by 81?
78
What is the remainder when 53 is divided by 29?
24
Calculate the remainder when 899 is divided by 52.
15
Calculate the remainder when 131 is divided by 19.
17
What is the remainder when 441 is divided by 52?
25
What is the remainder when 2078 is divided by 688?
14
What is the remainder when 440 is divided by 226?
214
What is the remainder when 2307 is divided by 767?
6
What is the remainder when 121 is divided by 61?
60
What is the remainder when 311 is divided by 11?
3
Calculate the remainder when 781 is divided by 385.
11
What is the remainder when 865 is divided by 148?
125
What is the remainder when 4412 is divided by 96?
92
What is the remainder when 14658 is divided by 376?
370
Calculate the remainder when 162 is divided by 43.
33
Calculate the remainder when 4147 is divided by 61.
60
What is the remainder when 179 is divided by 55?
14
What is the remainder when 531 is divided by 59?
0
What is the remainder when 2430 is divided by 244?
234
Calculate the remainder when 790 is divided by 7.
6
Calculate the remainder when 208 is divided by 42.
40
What is the remainder when 349 is divided by 45?
34
What is the remainder when 7454 is divided by 339?
335
Calculate the remainder when 213 is divided by 96.
21
Calculate the remainder when 2312 is divided by 38.
32
What is the remainder when 35 is divided by 6?
5
Calculate the remainder when 794 is divided by 233.
95
Calculate the remainder when 221 is divided by 69.
14
What is the remainder when 238 is divided by 85?
68
Calculate the remainder when 744 is divided by 23.
8
Calculate the remainder when 28 is divided by 9.
1
Calculate the remainder when 173 is divided by 90.
83
What is the remainder when 8679 is divided by 5?
4
What is the remainder when 766 is divided by 26?
12
What is the remainder when 1339 is divided by 20?
19
Calculate the remainder when 51 is divided by 13.
12
Calculate the remainder when 452 is divided by 76.
72
Calculate the remainder when 334 is divided by 67.
66
What is the remainder when 247 is divided by 28?
23
What is the remainder when 1453 is divided by 42?
25
Calculate the remainder when 1428 is divided by 65.
63
Calculate the remainder when 41 is divided by 39.
2
Calculate the remainder when 94 is divided by 49.
45
What is the remainder when 3670 is divided by 114?
22
Calculate the remainder when 169 is divided by 60.
49
What is the remainder when 430 is divided by 48?
46
Calculate the remainder when 979 is divided by 76.
67
What is the remainder when 108 is divided by 98?
10
What is the remainder when 2371 is divided by 47?
21
What is the remainder when 57 is divided by 30?
27
What is the remainder when 54 is divided by 2?
0
Calculate the remainder when 53 is divided by 53.
0
Calculate the remainder when 348 is divided by 9.
6
What is the remainder when 251 is divided by 28?
27
What is the remainder when 214 is divided by 27?
25
Calculate the remainder when 179 is divided by 15.
14
What is the remainder when 66 is divided by 22?
0
Calculate the remainder when 229 is divided by 225.
4
What is the remainder when 218 is divided by 13?
10
Calculate the remainder when 225 is divided by 11.
5
What is the remainder when 1174 is divided by 90?
4
Calculate the remainder when 1468 is divided by 292.
8
Calculate the remainder when 23958 is divided by 10.
8
Calculate the remainder when 494 is divided by 58.
30
Calculate the remainder when 662 is divided by 299.
64
Calculate the remainder when 691 is divided by 83.
27
Calculate the remainder when 51 is divided by 18.
15
What is the remainder when 38 is divided by 37?
1
Calculate the remainder when 495 is divided by 91.
40
What is the remainder when 422 is divided by 109?
95
Calculate the remainder when 195 is divided by 123.
72
What is the remainder when 282 is divided by 56?
2
Calculate the remainder when 416 is divided by 30.
26
What is the remainder when 131 is divided by 48?
35
What is the remainder when 180 is divided by 35?
5
Calculate the remainder when 178 is divided by 62.
54
Calculate the remainder when 194 is divided by 43.
22
Calculate the remainder when 157 is divided by 10.
7
Calculate the remainder when 342 is divided by 54.
18
Calculate the remainder when 616 is divided by 73.
32
Calculate the remainder when 994 is divided by 324.
22
What is the remainder when 916 is divided by 54?
52
What is the remainder when 1031 is divided by 115?
111
What is the remainder when 28 is divided by 6?
4
Calculate the remainder when 536 is divided by 30.
26
What is the remainder when 2189 is divided by 8?
5
Calculate the remainder when 302 is divided by 38.
36
What is the remainder when 504 is divided by 251?
2
What is the remainder when 18 is divided by 11?
7
Calculate the remainder when 190 is divided by 134.
56
Calculate the remainder when 2894 is divided by 125.
19
What is the remainder when 3177 is divided by 26?
5
What is the remainder when 137 is divided by 72?
65
What is the remainder when 3131 is divided by 18?
17
Calculate the remainder when 355 is divided by 21.
19
What is the remainder when 3095 is divided by 19?
17
Calculate the remainder when 50 is divided by 14.
8
What is the remainder when 59 is divided by 10?
9
Calculate the remainder when 105 is divided by 26.
1
Calculate the remainder when 395 is divided by 66.
65
What is the remainder when 104 is divided by 9?
5
Calculate the remainder when 942 is divided by 193.
170
What is the remainder when 675 is divided by 172?
159
What is the remainder when 11338 is divided by 189?
187
What is the remainder when 182 is divided by 39?
26
Calculate the remainder when 543 is divided by 32.
31
Calculate the remainder when 64 is divided by 35.
29
Calculate the remainder when 113 is divided by 23.
21
Calculate the remainder when 75 is divided by 37.
1
Calculate the remainder when 748 is divided by 251.
246
What is the remainder when 562 is divided by 10?
2
Calculate the remainder when 192 is divided by 15.
12
What is the remainder when 654 is divided by 25?
4
What is the remainder when 349 is divided by 12?
1
What is the remainder when 172 is divided by 53?
13
Calculate the remainder when 13 is divided by 7.
6
What is the remainder when 288 is divided by 145?
143
What is the remainder when 49 is divided by 13?
10
What is the remainder when 73 is d